+ 1/3*y**3 - 1/2*y**2 - c*y**4. Calculate i(1).
-2
Let c(v) = 47*v**2 - 22*v**2 + 3*v - 16*v**2. Let x(p) = 5*p**2 + 2*p. Let t(d) = -4*c(d) + 7*x(d). Let z be 2/(-2) - (-2)/(-2). Give t(z).
-8
Let u = 1/105 - -23/35. Let p(d) be the second derivative of 1/20*d**5 - u*d**3 + 1/3*d**4 + 0 - 8*d - 3*d**2. Give p(-4).
10
Let k(t) be the third derivative of t**6/120 + 7*t**5/60 + 5*t**4/24 + t**3/2 + t**2. Let c(i) = i**2 + 30*i - 142. Let q be c(-34). What is k(q)?
9
Let u(x) = -x**3 - 6*x**2 - 2*x + 2. Let d be (16/(-2 - -4))/(-2). Let f(a) = a**3 + 4*a**2 + a - 1. Let w be f(d). Calculate u(w).
-13
Suppose 132 = 21*y - 78. Let o(v) = -v**3 + 10*v**2 + 3. Calculate o(y).
3
Let o(r) be the third derivative of 1/720*r**6 + 0*r**3 + 0 + 0*r - 1/6*r**4 + 8*r**2 - 1/120*r**5. Let b(h) be the second derivative of o(h). Determine b(-2).
-3
Let n(y) = 7*y**2 + 2*y - 272 + 137 + y**3 + 131. Calculate n(-3).
26
Let a(s) be the first derivative of -s**4/4 + 7*s**3/3 - 3*s**2 + s - 61. What is a(5)?
21
Let p(s) = -s - 2. Let f(w) = -2*w - 3. Let z(t) = -2*f(t) + 3*p(t). Suppose 3*q - 35 + 26 = 0. Suppose -5*c - 27 = q. What is z(c)?
-6
Let f(g) = g**2 - g + 0 + 4 - 3 - 11 - 8*g. Let v(m) = 3*m**2 + 2*m - 1. Let j be v(-2). Calculate f(j).
-24
Let f(v) be the first derivative of v**3/3 - 2*v - 27. Determine f(-3).
7
Let z(y) = 21 - 96*y**2 - 20 + 95*y**2 - 46*y**3. Calculate z(1).
-46
Let r(h) = h**2 + 4*h - 8. Let i be r(-6). Suppose i*j + 2 = v, 0*v - 4*j - 20 = -4*v. Suppose -15 - v = -3*o. Let u(t) = -t**2 + 8*t - 7. Determine u(o).
0
Let i(r) = -r - 1. Let q = 29 + -25. Suppose b = 4*s - 3*s - 7, q*b = 2*s - 20. Determine i(b).
2
Let z(y) = -2*y**2 + 6*y + 31. Let k(v) = v**2 - 3*v - 15. Let o(f) = -5*k(f) - 2*z(f). Determine o(6).
-5
Let o(p) be the second derivative of -p**5/20 - p**4/24 - p**3/6 - p. Let q(z) be the second derivative of o(z). Let x be ((-6)/(-8))/(6/(-16)). Give q(x).
11
Let d(z) = -2 + 8 - 14*z + 3 + 19*z. Determine d(-9).
-36
Let p(c) = -20*c - 8*c**2 + c**3 - 5*c + 24*c - 7 + 21. Determine p(8).
6
Let f(l) = -l**3 - 6*l**2 - 2*l + 4. Let o = 1 - 0. Let k be (-2)/(-3)*3/o. Let b(c) = -c**3 + 2*c - 1. Let d be b(k). What is f(d)?
-11
Let p = -291 - -286. Let f(g) = 3*g. Let h(q) = 7*q. Let o(w) = -5*f(w) + 2*h(w). Calculate o(p).
5
Suppose 0 = 2*f - 2*q - 12, 6*q - 2*q + 26 = 5*f. Let s be -2*(117/(-18) + 5). Let g(h) = -4 + 3 + 2 + h**3 - h - s*h**f. Give g(3).
-2
Let v(u) be the first derivative of -u**4/4 - 22*u**3/3 + 12*u**2 + 11*u + 312. Determine v(-23).
-12
Let n(h) = -4*h + 1. Let s = 62 - 56. Suppose 4*c + 2*c = -s. Give n(c).
5
Suppose l + 3*a = 9, -9*l - 4*a = -4*l - 12. Let y(x) = x**3 + x**2 - x - 21. What is y(l)?
-21
Let f(z) = -z - 1. Suppose r = -r + 46. Suppose 0 = 5*w + 2*d - r, -4*w - 5*d = w - 20. Determine f(w).
-6
Suppose -2*s - 5*w = -9, -2*s + 0*s + 2 = -2*w. Let h be 1 + 9 + 3/(-9)*3. Let y(r) = r**3 + 0*r**3 + 13*r - r - h*r - 4*r**2. Calculate y(s).
-2
Let w(f) = f**2 - 1. Let p be w(1). Let z be 4 + -2 + p/(-2). Let s(y) = -3*y**2 + 3211*y - 1602*y - 2*y**2 - 1607*y. Determine s(z).
-16
Let t(m) = m**2 - 5*m + 2. Let v be t(4). Let x(h) = -2*h + 5. Let d(w) = 1. Let l(o) = 4*d(o) - x(o). Give l(v).
-5
Let w(o) be the first derivative of o**3/3 + 11*o**2 - 28*o - 377. Determine w(-23).
-5
Let d(o) be the second derivative of o**3/3 + 7*o**2/2 - 30*o + 1. Give d(-6).
-5
Suppose 135*j + 297 = 102*j. Let l(x) = x**3 + 10*x**2 + 9*x + 12. What is l(j)?
12
Let l = 19 - 19. Let c be 1/(4*1/24). Let x(z) = -2 - 7 + 3*z - c*z + 4*z. Give x(l).
-9
Suppose -3*j + 6 = 2*u, 4*j - u = -3*u + 10. Suppose g - 4*g = -2*y - j, 4*y + 16 = 2*g. Let v(f) = -3*f - 6. What is v(y)?
9
Suppose 22*g + 270 = 23*g. Let m be 36/g - (-86)/30. Let w(v) = v - 1. Calculate w(m).
2
Let v(r) be the second derivative of -1/6*r**3 - r**2 + 0 - r. Let f = 120 + -114. Determine v(f).
-8
Let y(j) = j**3 - 4*j**2 - 2*j + 2. Suppose -7*o + 175 = -2*o. Let k be 19*2 + (-4 - -5). Let x = k - o. Determine y(x).
-6
Let q(j) = j**3 + 7*j + j - 4*j - 3 + 0*j - 2*j**2. Let b be 2/2 - 4 - -11. Suppose 5*w + 6 = b*w. What is q(w)?
5
Let m = -72 + 76. Suppose m*l - w - 3 = 0, -5*l + l - 7 = -3*w. Let t(u) = u**2 - 3*u - 2. Determine t(l).
-4
Let p be ((-7)/5 + 3)/(2/20). Let x(n) = p*n - 11*n**2 - 35*n + 19*n. Give x(-1).
-11
Suppose 5*h + 17 = n, -4*h - 18 = -4*n + 18. Let i(j) be the second derivative of j**4/12 - 4*j**3/3 + 4*j**2 - 23*j. Determine i(n).
1
Let f(t) = -2*t**3 - 2*t**2 - t - 1. Let m(j) = -2*j + j**3 - 5*j**2 - 6 + 11*j + 0 - 4*j. Let a be m(4). Determine f(a).
9
Let i(p) = 7*p**2 - 16*p + 7. Let c be i(2). Let d(b) = -b**3 + 3*b**2 - b. Calculate d(c).
-3
Let m(o) = -o**2 - 9*o + 3. Let r(k) = -k**2 - 8*k + 3. Let x(a) = 3*m(a) - 4*r(a). Suppose -9 + 6 = -3*b. Let f be 3 + -11 + 7 + -4 + b. Determine x(f).
-7
Let u be (-1)/(-6) + 3/(-18). Suppose -4*b + z = -52, 3*b + u*z = 3*z + 30. Suppose -11*v = -b*v + 3. Let q(f) = 2*f**3 - 2*f**2 + 2*f - 1. What is q(v)?
1
Let y(f) = f**2 + 8*f - 9. Let a be -1*(-415)/(-45) + (-14)/(-63). Determine y(a).
0
Let n be 4 - (-3 - (0 + -4)). Suppose -j - 2*j = -4*d + 7, 0 = n*j + 4*d - 25. Let g be (27/6 - j)*-4. Let u(v) = -v**2 - 6*v + 6. Calculate u(g).
6
Let x(j) = 2*j**2 + j - 1. Let c be x(1). Let r(m) = -7*m + 3*m - c*m**2 + 1 - m**3 + 6*m - 3*m. Determine r(-2).
3
Let i(k) = -k**2 + 13*k + 3. Let g be i(13). Suppose -4*t + g*j = 2*j - 19, -3*t + 2*j + 13 = 0. Let c(y) = y**3 - 4*y**2 - 6*y - 5. Give c(t).
-10
Suppose 0*a - 14 = -3*u - 4*a, -5*u + 2*a = 20. Let d(f) be the third derivative of f**5/60 + f**4/8 + f**3/6 - 5*f**2 + 2*f. Give d(u).
-1
Let i(y) = -3*y + 3. Suppose -2*b = 11*b - 325. Suppose -11 + b = 7*h. What is i(h)?
-3
Let s(l) = l**3 - 27*l**2 + 14*l + 1. Let y(b) = 2*b**3 - 53*b**2 + 29*b + 4. Let n(u) = 11*s(u) - 6*y(u). What is n(20)?
-13
Let b(i) = -2*i + 9. Let f(g) = -g + 2. Let r(h) = -b(h) + 5*f(h). Give r(-1).
4
Let v(o) = o**3 - 7*o**2 + 8*o + 4. Let g(k) = 2*k**3 + 14*k**2 + 14*k + 18. Let s be g(-6). Calculate v(s).
16
Let m(l) = -l**3 - 5*l**2 + 13*l. Let c(x) = -x**3 - 19*x**2 + 23*x + 53. Let w be c(-20). Determine m(w).
7
Let c(z) = -z**2 + 3*z + 6. Suppose -49*k = -58*k - 18. Let a = -334 - -230. Let u be a/(-20) - k/(-10). What is c(u)?
-4
Let g(z) be the second derivative of -1/12*z**4 - 11*z - 5/6*z**3 + 7/2*z**2 + 0. Calculate g(-6).
1
Let b(j) = 2*j**2 - 8*j - 1. Suppose -4*u - 3*c + 15 = 0, 9*c + 45 = 5*u + 4*c. What is b(u)?
23
Let h(y) = -2*y**2 + 17*y + 121. Let u be h(13). Let j(x) = x**3 - 7*x**2 + 11*x - 1. Determine j(u).
-5
Let q(v) be the second derivative of -v**5/20 + 13*v**4/12 - v**3/6 + 9*v**2/2 - 2*v - 35. Calculate q(13).
-4
Let c be ((-2 - -51)/(-7))/(-8 - -7). Let j(m) = m**2 - 11*m + 7. Determine j(c).
-21
Let t = 1161 - 1163. Let q(x) be the second derivative of -x**5/20 - x**4/4 - x**3/3 + x**2 + 2*x. Give q(t).
2
Let y(i) = -2*i - 4. Let g be (-2)/11 - (-318)/(-66). Let z = -2 - g. Suppose -j = 2, z*m - 2*j - 20 = 2*j. Calculate y(m).
-12
Let z(i) = -3*i**2 + i + 5. Let a(q) be the first derivative of -q**3/3 - q**2/2 + q + 5. Let h(o) = -5*a(o) + z(o). Calculate h(-5).
20
Let s(d) = d**2 + 6*d - 8. Suppose 8*k + 18 = 3*k + 4*p, 2*k - 2*p = -6. Determine s(k).
-8
Suppose 4*s - 6*s - 6 = 0. Let z(w) be the second derivative of -6*w + 0 + 0*w**3 - 3/2*w**2 + 1/12*w**4. What is z(s)?
6
Let r(v) = 2*v - 17. Let l(j) = j - 9. Let z(f) = 5*l(f) - 3*r(f). Let q be (0 + -4 - -3)*(3 + 2). Determine z(q).
11
Let j(p) = p**2 - 5*p - 9. Suppose -7*s - 14 = -9*s. Give j(s).
5
Let r(l) = l**3 + 13*l**2 + 11*l - 6. Let t be r(-12). Suppose -3*x = -t*x. Let f(a) = 0 + x - 3*a**2 + 8 + 4*a**2. Determine f(0).
8
Let j = -33 + 27. Let u(i) = 4*i**2 - 3*i - 5. Let v(f) = -5*f**2 + 2*f + 6. Let s(h) = 6*u(h) + 5*v(h). What is s(j)?
12
Let x(t) = 24*t. Let m be (-6 + (-8 - -13))*(0 + -1). Calculate x(m).
24
Suppose -z - 3 = 5*n, 4*z + 0*z + 2*n - 6 = 0. Let t(l) = -6 + 7*l**z - 1 + 2011*l**3 - 2012*l**3 - 7*l. Calculate t(6).
-13
Suppose 0 = -24*a + 16*a - 24. Let w(z) = 3*z + 7. Determine w(a).
-2
Let z be (1 - (-1 + 3))*10/5. Let j(d) = -19*d - 1. What is j(z)?
37
Let k be (-51)/(-14) + (-528)/462. Let l(o) be the first derivative of 1/4*o**4 - k*o**